dreds digit of 88863?
8
What is the units digit of 8747?
7
What is the ten thousands digit of 21953?
2
What is the hundreds digit of 138?
1
What is the tens digit of 128?
2
What is the units digit of 78988?
8
What is the units digit of 6544?
4
What is the tens digit of 15084?
8
What is the hundreds digit of 736?
7
What is the tens digit of 4373?
7
What is the units digit of 102672?
2
What is the hundreds digit of 1835?
8
What is the units digit of 2714?
4
What is the ten thousands digit of 22840?
2
What is the tens digit of 30773?
7
What is the tens digit of 773?
7
What is the units digit of 6519?
9
What is the hundreds digit of 19720?
7
What is the ten thousands digit of 11747?
1
What is the ten thousands digit of 195590?
9
What is the thousands digit of 2469?
2
What is the hundreds digit of 11778?
7
What is the hundreds digit of 99264?
2
What is the hundreds digit of 654?
6
What is the thousands digit of 1182?
1
What is the units digit of 1177?
7
What is the thousands digit of 2288?
2
What is the hundreds digit of 40263?
2
What is the hundreds digit of 188?
1
What is the thousands digit of 14200?
4
What is the units digit of 34012?
2
What is the hundreds digit of 17508?
5
What is the tens digit of 109741?
4
What is the thousands digit of 2771?
2
What is the units digit of 586?
6
What is the ten thousands digit of 11362?
1
What is the ten thousands digit of 61222?
6
What is the thousands digit of 9983?
9
What is the units digit of 5473?
3
What is the tens digit of 1267?
6
What is the hundreds digit of 6739?
7
What is the thousands digit of 27083?
7
What is the thousands digit of 6984?
6
What is the units digit of 5410?
0
What is the thousands digit of 2939?
2
What is the hundreds digit of 2023?
0
What is the units digit of 4264?
4
What is the hundreds digit of 39243?
2
What is the hundreds digit of 3324?
3
What is the units digit of 977?
7
What is the thousands digit of 8452?
8
What is the units digit of 12484?
4
What is the tens digit of 368?
6
What is the units digit of 77579?
9
What is the tens digit of 3144?
4
What is the units digit of 980?
0
What is the thousands digit of 1051?
1
What is the hundreds digit of 143752?
7
What is the hundreds digit of 5520?
5
What is the tens digit of 9042?
4
What is the hundreds digit of 862?
8
What is the tens digit of 619?
1
What is the tens digit of 916?
1
What is the thousands digit of 2625?
2
What is the hundreds digit of 41646?
6
What is the units digit of 749?
9
What is the hundreds digit of 68254?
2
What is the units digit of 4053?
3
What is the units digit of 14533?
3
What is the tens digit of 2711?
1
What is the units digit of 9484?
4
What is the units digit of 135?
5
What is the thousands digit of 121178?
1
What is the tens digit of 155?
5
What is the thousands digit of 8787?
8
What is the thousands digit of 17456?
7
What is the hundreds digit of 914?
9
What is the thousands digit of 2305?
2
What is the tens digit of 810?
1
What is the tens digit of 4604?
0
What is the thousands digit of 1432?
1
What is the hundreds digit of 561?
5
What is the thousands digit of 1241?
1
What is the units digit of 1078?
8
What is the hundred thousands digit of 103423?
1
What is the hundreds digit of 149123?
1
What is the thousands digit of 27093?
7
What is the hundreds digit of 10783?
7
What is the hundreds digit of 9429?
4
What is the ten thousands digit of 121547?
2
What is the hundreds digit of 880?
8
What is the units digit of 29605?
5
What is the tens digit of 366?
6
What is the hundreds digit of 9609?
6
What is the thousands digit of 7745?
7
What is the tens digit of 3804?
0
What is the hundreds digit of 71174?
1
What is the tens digit of 44559?
5
What is the hundreds digit of 1404?
4
What is the hundreds digit of 592?
5
What is the ten thousands digit of 14146?
1
What is the hundreds digit of 1356?
3
What is the tens digit of 3231?
3
What is the tens digit of 1713?
1
What is the thousands digit of 3889?
3
What is the hundreds digit of 6909?
9
What is the tens digit of 25288?
8
What is the units digit of 44?
4
What is the hundreds digit of 3610?
6
What is the units digit of 32535?
5
What is the tens digit of 21019?
1
What is the units digit of 735?
5
What is the tens digit of 21614?
1
What is the tens digit of 1227?
2
What is the units digit of 2374?
4
What is the units digit of 4900?
0
What is the thousands digit of 1896?
1
What is the units digit of 1315?
5
What is the units digit of 3865?
5
What is the units digit of 623?
3
What is the tens digit of 40975?
7
What is the units digit of 673?
3
What is the tens digit of 15388?
8
What is the hundreds digit of 13881?
8
What is the tens digit of 4511?
1
What is the hundreds digit of 12415?
4
What is the tens digit of 1970?
7
What is the hundreds digit of 56484?
4
What is the ten thousands digit of 70824?
7
What is the hundreds digit of 9006?
0
What is the units digit of 6509?
9
What is the hundreds digit of 6304?
3
What is the tens digit of 392?
9
What is the tens digit of 2433?
3
What is the units digit of 403?
3
What is the thousands digit of 1386?
1
What is the thousands digit of 1117?
1
What is the hundreds digit of 727?
7
What is the hundreds digit of 42711?
7
What is the tens digit of 14043?
4
What is the hundreds digit of 3028?
0
What is the thousands digit of 9956?
9
What is the ten thousands digit of 24684?
2
What is the tens digit of 1389?
8
What is the tens digit of 1420?
2
What is the thousands digit of 8213?
8
What is the hundreds digit of 3536?
5
What is the tens digit of 1450?
5
What is the tens digit of 157567?
6
What is the units digit of 936?
6
What is the ten thousands digit of 127499?
2
What is the thousands digit of 3727?
3
What is the units digit of 105436?
6
What is the tens digit of 2414?
1
What is the units digit of 19378?
8
What is the ten thousands digit of 100718?
0
What is the hundreds digit of 162?
1
What is the thousands digit of 1199?
1
What is the thousands digit of 55781?
5
What is the units digit of 182?
2
What is the units digit of 23611?
1
What is the units digit of 828?
8
What is the ten thousands digit of 90983?
9
What is the tens digit of 557?
5
What is the hundreds digit of 26769?
7
What is the hundreds digit of 4029?
0
What is the units digit of 4736?
6
What is the tens digit of 124?
2
What is the hundreds digit of 3150?
1
What is the tens digit of 701?
0
What is the hundreds digit of 12846?
8
What is the units digit of 8830?
0
What is the tens digit of 1748?
4
What is the tens digit of 11193?
9
What is the tens digit of 1264?
6
What is the tens digit of 1217?
1
What is the thousands digit of 9117?
9
What is the units digit of 236?
6
What is the tens digit of 18910?
1
What is the hundreds digit of 709?
7
What is the units digit of 3950?
0
What is the units digit of 657?
7
What is the units digit of 82224?
4
What is the ten thousands digit of 69765?
6
What is the hundreds digit of 6049?
0
What is the units digit of 31429?
9
What is the thousands digit of 5987?
5
What is the hundreds digit of 23178?
1
What is the thousands digit of 8621?
8
What is the thousands digit of 20664?
0
What is the hundreds digit of 392?
3
What is the hundreds digit of 22294?
2
What is the units digit of 110?
0
What is the tens digit of 968?
6
What is the units digit of 9413?
3
What is the hundreds digit of 1603?
6
What is the tens digit of 527?
2
What is the tens digit of 955?
5
What is the units digit of 3017?
7
What is the units digit of 7322?
2
What is the tens digit of 13565?
6
What is the thousands digit of 1959?
1
What is the thousands digit of 1613?
1
What is the tens digit of 961?
6
What is the hundreds digit of 19192?
1
What is the units digit of 679?
9
What is the tens digit of 85107?
0
What is the tens digit of 11134?
3
What is the hundreds digit of 35681?
6
What is the hundreds digit of 920?
9
What is the thousands digit of 10061?
0
What is the units digit of 150?
0
What is the hundreds digit of 286?
2
What is the hundreds digit of 2404?
4
What is the units digit of 11325?
5
What is the units digit of 12952?
2
What is the ten thousands digit of 22408?
2
What is the units digit of 398?
8
What is the tens digit of 4053?
5
What is the thousands digit of 1808?
1
What is the units digit of 529?
9
What is the hundreds digit of 694?
